{"id":87,"date":"2025-12-11T15:57:56","date_gmt":"2025-12-11T15:57:56","guid":{"rendered":"https:\/\/musik.martha-pfaffeneder.com\/?page_id=87"},"modified":"2025-12-29T18:15:58","modified_gmt":"2025-12-29T18:15:58","slug":"schoener-schwarzer-vogel-komm","status":"publish","type":"page","link":"https:\/\/musik.martha-pfaffeneder.com\/?page_id=87","title":{"rendered":"Sch\u00f6ner schwarzer Vogel komm"},"content":{"rendered":"\n<p><strong><strong>Morbide Delikatessen aus Wien, schwarz serviert von Martha Pfaffeneder &amp; Paul Schwingenschloegl<\/strong><\/strong><\/p>\n\n\n\n<div class=\"wp-block-media-text is-stacked-on-mobile\" style=\"grid-template-columns:37% auto\"><figure class=\"wp-block-media-text__media\"><img loading=\"lazy\" decoding=\"async\" width=\"330\" height=\"222\" src=\"http:\/\/musik.martha-pfaffeneder.com\/wp-content\/uploads\/2025\/12\/schwarzer-vogel.jpg\" alt=\"\" class=\"wp-image-37 size-full\" srcset=\"https:\/\/musik.martha-pfaffeneder.com\/wp-content\/uploads\/2025\/12\/schwarzer-vogel.jpg 330w, https:\/\/musik.martha-pfaffeneder.com\/wp-content\/uploads\/2025\/12\/schwarzer-vogel-300x202.jpg 300w\" sizes=\"auto, (max-width: 330px) 100vw, 330px\" \/><\/figure><div class=\"wp-block-media-text__content\">\n<h2 class=\"wp-block-heading\"><em>\u201eDer Tod, das muss ein Wiener sein\u201c. <\/em><br><em>Foto: M. Rempe<\/em><\/h2>\n<\/div><\/div>\n\n\n\n<p><\/p>\n\n\n\n<p>In keiner anderen Stadt wird der Tod so zum Kult erhoben wie in Wien. Er ist zentrales Thema im Schaffen vieler Schriftsteller, Poeten und Chansonniers.<\/p>\n\n\n\n<p>In ihrem neuen Programm widmet sich die Schauspielerin und S\u00e4ngerin Martha Pfaffeneder diesem Thema, ohne dabei den Humor zu kurz kommen zu lassen. Gedichte des Literaten H.C. Artmann werden feinf\u00fchlig vertont und markante Vertreter des Austropop wie Wolfgang Ambros und Georg Danzer neu interpretiert. Ebenso wenig fehlen Lieder der jungen Wiener Chansonszene, Ernst Molden oder Bitterb\u00f6ses des sp\u00e4teren Politikers Franz Morak aus dessen Punkzeit.<\/p>\n\n\n\n<p>Den zentralen Platz in diesem schaurig-sch\u00f6nen Programm nimmt aber&nbsp;<strong>Ludwig Hirsch<\/strong>&nbsp;ein. Vortrefflich versteht er es, in seinen Liedern die Melange aus Lebenslust und Todesseligkeit mit einem gro\u00dfen Schuss schwarzen Humors k\u00fcnstlerisch umzusetzen.<\/p>\n\n\n\n<p>\u201eTodesengel\u201c Martha Pfaffender und \u201eGevatter Tod\u201c Paul Schwingenschloegl an Klavier und Trompete laden ein zu einem bitterb\u00f6sen, aber auch unterhaltsamen Abend mit schwarzem \u00f6sterreichischem Humor auf h\u00f6chstem k\u00fcnstlerischem Niveau.&nbsp;<\/p>\n\n\n\n<p><strong>Liedausz\u00fcge<\/strong><\/p>\n\n\n\n<ul class=\"wp-block-list\">\n<li>Die Moritat des Frauenm\u00f6rder Wurm<\/li>\n\n\n\n<li>O du lieber Augustin<\/li>\n\n\n\n<li>Heut bin i net munter gworden<\/li>\n\n\n\n<li>I lieg am Ruckn<\/li>\n\n\n\n<li>Es lebe der Zentralfriedhof<\/li>\n\n\n\n<li>Komm gro\u00dfer schwarzer Vogel&nbsp;<\/li>\n<\/ul>\n\n\n\n<p><strong>Gesang und Moderation: Martha Pfaffeneder<br>Klavier und Trompete: Paul Schwingenschl\u00f6gl<\/strong><\/p>\n\n\n\n<p>Dauer: ca. 60\u201390 min.<\/p>\n\n\n\n<p><strong>Fotos zum Programm<\/strong><\/p>\n\n\n\n<figure class=\"wp-block-gallery has-nested-images columns-default is-cropped wp-block-gallery-1 is-layout-flex wp-block-gallery-is-layout-flex\">\n<figure class=\"wp-block-image size-large\"><img loading=\"lazy\" decoding=\"async\" width=\"800\" height=\"536\" data-id=\"143\" src=\"https:\/\/musik.martha-pfaffeneder.com\/wp-content\/uploads\/2025\/12\/vogel01.jpg\" alt=\"\" class=\"wp-image-143\" srcset=\"https:\/\/musik.martha-pfaffeneder.com\/wp-content\/uploads\/2025\/12\/vogel01.jpg 800w, https:\/\/musik.martha-pfaffeneder.com\/wp-content\/uploads\/2025\/12\/vogel01-300x201.jpg 300w\" sizes=\"auto, (max-width: 800px) 100vw, 800px\" \/><\/figure>\n\n\n\n<figure class=\"wp-block-image size-large\"><img loading=\"lazy\" decoding=\"async\" width=\"402\" height=\"600\" data-id=\"142\" src=\"https:\/\/musik.martha-pfaffeneder.com\/wp-content\/uploads\/2025\/12\/vogel02.jpg\" alt=\"\" class=\"wp-image-142\" srcset=\"https:\/\/musik.martha-pfaffeneder.com\/wp-content\/uploads\/2025\/12\/vogel02.jpg 402w, https:\/\/musik.martha-pfaffeneder.com\/wp-content\/uploads\/2025\/12\/vogel02-201x300.jpg 201w\" sizes=\"auto, (max-width: 402px) 100vw, 402px\" \/><\/figure>\n\n\n\n<figure class=\"wp-block-image alignwide size-large\"><img loading=\"lazy\" decoding=\"async\" width=\"800\" height=\"552\" data-id=\"141\" src=\"https:\/\/musik.martha-pfaffeneder.com\/wp-content\/uploads\/2025\/12\/vogel03.jpg\" alt=\"\" class=\"wp-image-141\" srcset=\"https:\/\/musik.martha-pfaffeneder.com\/wp-content\/uploads\/2025\/12\/vogel03.jpg 800w, https:\/\/musik.martha-pfaffeneder.com\/wp-content\/uploads\/2025\/12\/vogel03-300x207.jpg 300w\" sizes=\"auto, (max-width: 800px) 100vw, 800px\" \/><\/figure>\n<\/figure>\n\n\n\n<figure class=\"wp-block-gallery has-nested-images columns-default is-cropped wp-block-gallery-2 is-layout-flex wp-block-gallery-is-layout-flex\">\n<figure class=\"wp-block-image size-large\"><img loading=\"lazy\" decoding=\"async\" width=\"800\" height=\"534\" data-id=\"145\" src=\"https:\/\/musik.martha-pfaffeneder.com\/wp-content\/uploads\/2025\/12\/vogel04.jpg\" alt=\"\" class=\"wp-image-145\" srcset=\"https:\/\/musik.martha-pfaffeneder.com\/wp-content\/uploads\/2025\/12\/vogel04.jpg 800w, https:\/\/musik.martha-pfaffeneder.com\/wp-content\/uploads\/2025\/12\/vogel04-300x200.jpg 300w\" sizes=\"auto, (max-width: 800px) 100vw, 800px\" \/><\/figure>\n\n\n\n<figure class=\"wp-block-image size-large\"><img loading=\"lazy\" decoding=\"async\" width=\"800\" height=\"534\" data-id=\"146\" src=\"https:\/\/musik.martha-pfaffeneder.com\/wp-content\/uploads\/2025\/12\/vogel05.jpg\" alt=\"\" class=\"wp-image-146\" srcset=\"https:\/\/musik.martha-pfaffeneder.com\/wp-content\/uploads\/2025\/12\/vogel05.jpg 800w, https:\/\/musik.martha-pfaffeneder.com\/wp-content\/uploads\/2025\/12\/vogel05-300x200.jpg 300w\" sizes=\"auto, (max-width: 800px) 100vw, 800px\" \/><\/figure>\n\n\n\n<figure class=\"wp-block-image size-large\"><img loading=\"lazy\" decoding=\"async\" width=\"800\" height=\"534\" data-id=\"147\" src=\"https:\/\/musik.martha-pfaffeneder.com\/wp-content\/uploads\/2025\/12\/vogel06.jpg\" alt=\"\" class=\"wp-image-147\" srcset=\"https:\/\/musik.martha-pfaffeneder.com\/wp-content\/uploads\/2025\/12\/vogel06.jpg 800w, https:\/\/musik.martha-pfaffeneder.com\/wp-content\/uploads\/2025\/12\/vogel06-300x200.jpg 300w\" sizes=\"auto, (max-width: 800px) 100vw, 800px\" \/><\/figure>\n<\/figure>\n\n\n\n<p>Fotos: M. Rempe<\/p>\n\n\n\n<p><a href=\"https:\/\/musik.martha-pfaffeneder.com\/?page_id=585\">Pressespiegel<\/a><\/p>\n","protected":false},"excerpt":{"rendered":"<p>Morbide Delikatessen aus Wien, schwarz serviert von Martha Pfaffeneder &amp; Paul Schwingenschloegl \u201eDer Tod, das muss ein Wiener sein\u201c. Foto: M. Rempe In keiner anderen Stadt wird der Tod so zum Kult erhoben wie in Wien. Er ist zentrales Thema im Schaffen vieler Schriftsteller, Poeten und Chansonniers. In ihrem neuen Programm widmet sich die Schauspielerin &hellip; <\/p>\n<p class=\"link-more\"><a href=\"https:\/\/musik.martha-pfaffeneder.com\/?page_id=87\" class=\"more-link\">Mehr <span class=\"screen-reader-text\">\u00fcber &#8222;Sch\u00f6ner schwarzer Vogel komm&#8220; <\/span>Lesen<\/a><\/p>\n","protected":false},"author":1,"featured_media":0,"parent":0,"menu_order":0,"comment_status":"closed","ping_status":"closed","template":"","meta":{"_inspiro_hide_title":false,"footnotes":""},"class_list":["post-87","page","type-page","status-publish","hentry"],"_links":{"self":[{"href":"https:\/\/musik.martha-pfaffeneder.com\/index.php?rest_route=\/wp\/v2\/pages\/87","targetHints":{"allow":["GET"]}}],"collection":[{"href":"https:\/\/musik.martha-pfaffeneder.com\/index.php?rest_route=\/wp\/v2\/pages"}],"about":[{"href":"https:\/\/musik.martha-pfaffeneder.com\/index.php?rest_route=\/wp\/v2\/types\/page"}],"author":[{"embeddable":true,"href":"https:\/\/musik.martha-pfaffeneder.com\/index.php?rest_route=\/wp\/v2\/users\/1"}],"replies":[{"embeddable":true,"href":"https:\/\/musik.martha-pfaffeneder.com\/index.php?rest_route=%2Fwp%2Fv2%2Fcomments&post=87"}],"version-history":[{"count":11,"href":"https:\/\/musik.martha-pfaffeneder.com\/index.php?rest_route=\/wp\/v2\/pages\/87\/revisions"}],"predecessor-version":[{"id":620,"href":"https:\/\/musik.martha-pfaffeneder.com\/index.php?rest_route=\/wp\/v2\/pages\/87\/revisions\/620"}],"wp:attachment":[{"href":"https:\/\/musik.martha-pfaffeneder.com\/index.php?rest_route=%2Fwp%2Fv2%2Fmedia&parent=87"}],"curies":[{"name":"wp","href":"https:\/\/api.w.org\/{rel}","templated":true}]}}

Schöner schwarzer Vogel komm

<p><strong><strong>Morbide Delikatessen aus Wien, schwarz serviert von Martha Pfaffeneder &amp; Paul Schwingenschloegl</strong></strong></p>



<div class="wp-block-media-text is-stacked-on-mobile" style="grid-template-columns:37% auto"><figure class="wp-block-media-text__media"><img loading="lazy" decoding="async" width="330" height="222" src="http://musik.martha-pfaffeneder.com/wp-content/uploads/2025/12/schwarzer-vogel.jpg" alt="" class="wp-image-37 size-full" srcset="https://musik.martha-pfaffeneder.com/wp-content/uploads/2025/12/schwarzer-vogel.jpg 330w, https://musik.martha-pfaffeneder.com/wp-content/uploads/2025/12/schwarzer-vogel-300x202.jpg 300w" sizes="auto, (max-width: 330px) 100vw, 330px" /></figure><div class="wp-block-media-text__content">
<h2 class="wp-block-heading"><em>„Der Tod, das muss ein Wiener sein“. </em><br><em>Foto: M. Rempe</em></h2>
</div></div>



<p></p>



<p>In keiner anderen Stadt wird der Tod so zum Kult erhoben wie in Wien. Er ist zentrales Thema im Schaffen vieler Schriftsteller, Poeten und Chansonniers.</p>



<p>In ihrem neuen Programm widmet sich die Schauspielerin und Sängerin Martha Pfaffeneder diesem Thema, ohne dabei den Humor zu kurz kommen zu lassen. Gedichte des Literaten H.C. Artmann werden feinfühlig vertont und markante Vertreter des Austropop wie Wolfgang Ambros und Georg Danzer neu interpretiert. Ebenso wenig fehlen Lieder der jungen Wiener Chansonszene, Ernst Molden oder Bitterböses des späteren Politikers Franz Morak aus dessen Punkzeit.</p>



<p>Den zentralen Platz in diesem schaurig-schönen Programm nimmt aber&nbsp;<strong>Ludwig Hirsch</strong>&nbsp;ein. Vortrefflich versteht er es, in seinen Liedern die Melange aus Lebenslust und Todesseligkeit mit einem großen Schuss schwarzen Humors künstlerisch umzusetzen.</p>



<p>„Todesengel“ Martha Pfaffender und „Gevatter Tod“ Paul Schwingenschloegl an Klavier und Trompete laden ein zu einem bitterbösen, aber auch unterhaltsamen Abend mit schwarzem österreichischem Humor auf höchstem künstlerischem Niveau.&nbsp;</p>



<p><strong>Liedauszüge</strong></p>



<ul class="wp-block-list">
<li>Die Moritat des Frauenmörder Wurm</li>



<li>O du lieber Augustin</li>



<li>Heut bin i net munter gworden</li>



<li>I lieg am Ruckn</li>



<li>Es lebe der Zentralfriedhof</li>



<li>Komm großer schwarzer Vogel&nbsp;</li>
</ul>



<p><strong>Gesang und Moderation: Martha Pfaffeneder<br>Klavier und Trompete: Paul Schwingenschlögl</strong></p>



<p>Dauer: ca. 60–90 min.</p>



<p><strong>Fotos zum Programm</strong></p>



<figure class="wp-block-gallery has-nested-images columns-default is-cropped wp-block-gallery-1 is-layout-flex wp-block-gallery-is-layout-flex">
<figure class="wp-block-image size-large"><img loading="lazy" decoding="async" width="800" height="536" data-id="143" src="https://musik.martha-pfaffeneder.com/wp-content/uploads/2025/12/vogel01.jpg" alt="" class="wp-image-143" srcset="https://musik.martha-pfaffeneder.com/wp-content/uploads/2025/12/vogel01.jpg 800w, https://musik.martha-pfaffeneder.com/wp-content/uploads/2025/12/vogel01-300x201.jpg 300w" sizes="auto, (max-width: 800px) 100vw, 800px" /></figure>



<figure class="wp-block-image size-large"><img loading="lazy" decoding="async" width="402" height="600" data-id="142" src="https://musik.martha-pfaffeneder.com/wp-content/uploads/2025/12/vogel02.jpg" alt="" class="wp-image-142" srcset="https://musik.martha-pfaffeneder.com/wp-content/uploads/2025/12/vogel02.jpg 402w, https://musik.martha-pfaffeneder.com/wp-content/uploads/2025/12/vogel02-201x300.jpg 201w" sizes="auto, (max-width: 402px) 100vw, 402px" /></figure>



<figure class="wp-block-image alignwide size-large"><img loading="lazy" decoding="async" width="800" height="552" data-id="141" src="https://musik.martha-pfaffeneder.com/wp-content/uploads/2025/12/vogel03.jpg" alt="" class="wp-image-141" srcset="https://musik.martha-pfaffeneder.com/wp-content/uploads/2025/12/vogel03.jpg 800w, https://musik.martha-pfaffeneder.com/wp-content/uploads/2025/12/vogel03-300x207.jpg 300w" sizes="auto, (max-width: 800px) 100vw, 800px" /></figure>
</figure>



<figure class="wp-block-gallery has-nested-images columns-default is-cropped wp-block-gallery-2 is-layout-flex wp-block-gallery-is-layout-flex">
<figure class="wp-block-image size-large"><img loading="lazy" decoding="async" width="800" height="534" data-id="145" src="https://musik.martha-pfaffeneder.com/wp-content/uploads/2025/12/vogel04.jpg" alt="" class="wp-image-145" srcset="https://musik.martha-pfaffeneder.com/wp-content/uploads/2025/12/vogel04.jpg 800w, https://musik.martha-pfaffeneder.com/wp-content/uploads/2025/12/vogel04-300x200.jpg 300w" sizes="auto, (max-width: 800px) 100vw, 800px" /></figure>



<figure class="wp-block-image size-large"><img loading="lazy" decoding="async" width="800" height="534" data-id="146" src="https://musik.martha-pfaffeneder.com/wp-content/uploads/2025/12/vogel05.jpg" alt="" class="wp-image-146" srcset="https://musik.martha-pfaffeneder.com/wp-content/uploads/2025/12/vogel05.jpg 800w, https://musik.martha-pfaffeneder.com/wp-content/uploads/2025/12/vogel05-300x200.jpg 300w" sizes="auto, (max-width: 800px) 100vw, 800px" /></figure>



<figure class="wp-block-image size-large"><img loading="lazy" decoding="async" width="800" height="534" data-id="147" src="https://musik.martha-pfaffeneder.com/wp-content/uploads/2025/12/vogel06.jpg" alt="" class="wp-image-147" srcset="https://musik.martha-pfaffeneder.com/wp-content/uploads/2025/12/vogel06.jpg 800w, https://musik.martha-pfaffeneder.com/wp-content/uploads/2025/12/vogel06-300x200.jpg 300w" sizes="auto, (max-width: 800px) 100vw, 800px" /></figure>
</figure>



<p>Fotos: M. Rempe</p>



<p><a href="https://musik.martha-pfaffeneder.com/?page_id=585">Pressespiegel</a></p>

<p>Morbide Delikatessen aus Wien, schwarz serviert von Martha Pfaffeneder &amp; Paul Schwingenschloegl „Der Tod, das muss ein Wiener sein“. Foto: M. Rempe In keiner anderen Stadt wird der Tod so zum Kult erhoben wie in Wien. Er ist zentrales Thema im Schaffen vieler Schriftsteller, Poeten und Chansonniers. In ihrem neuen Programm widmet sich die Schauspielerin &hellip; </p>
<p class="link-more"><a href="https://musik.martha-pfaffeneder.com/?page_id=87" class="more-link">Mehr <span class="screen-reader-text">über &#8222;Schöner schwarzer Vogel komm&#8220; </span>Lesen</a></p>
