{"id":80,"date":"2025-12-11T15:50:03","date_gmt":"2025-12-11T15:50:03","guid":{"rendered":"https:\/\/musik.martha-pfaffeneder.com\/?page_id=80"},"modified":"2026-01-21T09:21:40","modified_gmt":"2026-01-21T09:21:40","slug":"wiener-charme-und-berliner-schnautze","status":"publish","type":"page","link":"https:\/\/musik.martha-pfaffeneder.com\/?page_id=80","title":{"rendered":"Wiener Charme und Berliner Schnauze"},"content":{"rendered":"\n<p><strong><strong>Eine humorige Konkurrenz- und Liebeserkl\u00e4rung an Wien und Berlin.<\/strong><\/strong><\/p>\n\n\n\n<p>Wien und Berlin \u2013 zwei ganz besondere Metropolen in Europa, voller Gemeinsamkeiten und vielf\u00e4ltiger Unterschiede. Was wird deshalb passieren, wenn sich eine waschechte schw\u00e4rmende Wienerin: \u201eWien, Wien, nur du allein\u201c mit einem \u00fcberzeugten Berliner: \u201eSehn Se, dass ist Berlin\u201c auf der B\u00fchne trifft, wenn der Kaiserschmarrn mit dem strammen Max einen Walzer tanzt und der Wiener mit seinem Wein dem Berliner und seinem Bier zuprostet?<\/p>\n\n\n\n<p>Unaufhaltsam- ein mitrei\u00dfender, beschwingter Wettstreit, der kein Auge trocken l\u00e4sst und das Publikum immer wieder zum Singen mitrei\u00dft &#8230; Welche Stadt ist \u00e4lter? &#8230; gr\u00f6\u00dfer? &#8230; toller? &#8230; und hat die sch\u00f6neren Lieder?<\/p>\n\n\n\n<p>Sie entscheiden, wer bei diesem Feuerwerk an Gags und Argumenten gewinnt!<\/p>\n\n\n\n<div class=\"wp-block-media-text is-stacked-on-mobile\" style=\"grid-template-columns:36% auto\"><figure class=\"wp-block-media-text__media\"><img loading=\"lazy\" decoding=\"async\" width=\"400\" height=\"284\" src=\"http:\/\/musik.martha-pfaffeneder.com\/wp-content\/uploads\/2025\/12\/wiener-charme.jpg\" alt=\"\" class=\"wp-image-36 size-full\" srcset=\"https:\/\/musik.martha-pfaffeneder.com\/wp-content\/uploads\/2025\/12\/wiener-charme.jpg 400w, https:\/\/musik.martha-pfaffeneder.com\/wp-content\/uploads\/2025\/12\/wiener-charme-300x213.jpg 300w\" sizes=\"auto, (max-width: 400px) 100vw, 400px\" \/><\/figure><div class=\"wp-block-media-text__content\">\n<h2 class=\"wp-block-heading\"><em>Wien, Wien, nur du allein? <\/em><br><em>Foto: D. Spolert<\/em><\/h2>\n<\/div><\/div>\n\n\n\n<p><\/p>\n\n\n\n<p>Man k\u00f6nnte mit dem Schiff am Alex ablegen, via Spree in die Havel, in die Elbe, in den Atlantik, bei Gibraltar links abbiegen ins Mittelmeer, durch den Bosporus ins Schwarze Meer, die Donau stromaufw\u00e4rts bis zur Wiener Reichsbr\u00fccke, dort umsteigen in die U-Bahn und am Stephansdom aussteigen &#8230;<\/p>\n\n\n\n<p><strong>Liedausz\u00fcge<\/strong><\/p>\n\n\n\n<ul class=\"wp-block-list\">\n<li>Ja, das sind Wiener Geschichten<\/li>\n\n\n\n<li>Lieber Leierkastenmann<\/li>\n\n\n\n<li>Es geht ein Berliner zum Heurig`n<\/li>\n\n\n\n<li>Untern Linden<\/li>\n\n\n\n<li>Mein Liebeslied muss ein Walzer sein<\/li>\n\n\n\n<li>Das ist die Berliner Luft<\/li>\n\n\n\n<li>Es muss was Wunderbares sein<\/li>\n\n\n\n<li>Wer schmei\u00dft denn da mit Lehm<\/li>\n<\/ul>\n\n\n\n<p><strong>Gesang und Moderation: Martha Pfaffeneder<br>Kommentare und Klavier: Jens Karsten Stoll<\/strong><\/p>\n\n\n\n<p>Dauer: ca. 60\u201390 min.<\/p>\n\n\n\n<p>Den Pressespiegel zu diesem Programm finden Sie&nbsp;<a href=\"https:\/\/www.martha-pfaffeneder.com\/An-der-schoenen.56.0.html\">hier<\/a>.<\/p>\n\n\n\n<p><strong>Fotos zum Programm<\/strong><a href=\"https:\/\/www.martha-pfaffeneder.com\/index.php?eID=tx_cms_showpic&amp;file=uploads%2Fpics%2FDonau_P_011.jpg&amp;md5=e92a00446c245f7cfa231232129669eb48d1c65d&amp;parameters[0]=YTo0OntzOjU6IndpZHRoIjtzOjQ6IjgwMG0iO3M6NjoiaGVpZ2h0IjtzOjQ6IjYw&amp;parameters[1]=MG0iO3M6NzoiYm9keVRhZyI7czo4MjoiPEJPRFkgYmdDb2xvcj13aGl0ZSBsZWZ0&amp;parameters[2]=bWFyZ2luPSIwIiB0b3BtYXJnaW49IjAiIG1hcmdpbndpZHRoPSIwIiBtYXJnaW5o&amp;parameters[3]=ZWlnaHQ9IjAiPiI7czo0OiJ3cmFwIjtzOjM3OiI8QSBocmVmPSJqYXZhc2NyaXB0&amp;parameters[4]=OmNsb3NlKCk7Ij4gfCA8L0E%2BIjt9\"><\/a><\/p>\n\n\n\n<figure class=\"wp-block-gallery has-nested-images columns-default is-cropped wp-block-gallery-1 is-layout-flex wp-block-gallery-is-layout-flex\">\n<figure class=\"wp-block-image size-large\"><img loading=\"lazy\" decoding=\"async\" width=\"766\" height=\"600\" data-id=\"137\" src=\"https:\/\/musik.martha-pfaffeneder.com\/wp-content\/uploads\/2025\/12\/charmeprogramm01.jpg\" alt=\"\" class=\"wp-image-137\" srcset=\"https:\/\/musik.martha-pfaffeneder.com\/wp-content\/uploads\/2025\/12\/charmeprogramm01.jpg 766w, https:\/\/musik.martha-pfaffeneder.com\/wp-content\/uploads\/2025\/12\/charmeprogramm01-300x235.jpg 300w\" sizes=\"auto, (max-width: 766px) 100vw, 766px\" \/><\/figure>\n\n\n\n<figure class=\"wp-block-image size-large\"><img loading=\"lazy\" decoding=\"async\" width=\"746\" height=\"600\" data-id=\"138\" src=\"https:\/\/musik.martha-pfaffeneder.com\/wp-content\/uploads\/2025\/12\/charmeprogramm02.jpg\" alt=\"\" class=\"wp-image-138\" srcset=\"https:\/\/musik.martha-pfaffeneder.com\/wp-content\/uploads\/2025\/12\/charmeprogramm02.jpg 746w, https:\/\/musik.martha-pfaffeneder.com\/wp-content\/uploads\/2025\/12\/charmeprogramm02-300x241.jpg 300w\" sizes=\"auto, (max-width: 746px) 100vw, 746px\" \/><\/figure>\n\n\n\n<figure class=\"wp-block-image size-large\"><img loading=\"lazy\" decoding=\"async\" width=\"752\" height=\"600\" data-id=\"139\" src=\"https:\/\/musik.martha-pfaffeneder.com\/wp-content\/uploads\/2025\/12\/charmeprogramm03.jpg\" alt=\"\" class=\"wp-image-139\" srcset=\"https:\/\/musik.martha-pfaffeneder.com\/wp-content\/uploads\/2025\/12\/charmeprogramm03.jpg 752w, https:\/\/musik.martha-pfaffeneder.com\/wp-content\/uploads\/2025\/12\/charmeprogramm03-300x239.jpg 300w\" sizes=\"auto, (max-width: 752px) 100vw, 752px\" \/><\/figure>\n<\/figure>\n\n\n\n<p>Fotos: D. Spolert<\/p>\n\n\n\n<p><a href=\"https:\/\/musik.martha-pfaffeneder.com\/?page_id=596\">Pressespiegel<\/a><\/p>\n\n\n\n<p><a href=\"https:\/\/musik.martha-pfaffeneder.com\/wp-content\/uploads\/2026\/WienCh-BerlSch.pdf\" target=\"_blank\" rel=\"noreferrer noopener\">Postkarte<\/a> downloaden<\/p>\n\n\n\n<figure class=\"wp-block-image size-full\"><img loading=\"lazy\" decoding=\"async\" width=\"171\" height=\"120\" src=\"https:\/\/musik.martha-pfaffeneder.com\/wp-content\/uploads\/2026\/01\/wiencharm_berlsch-klein.jpg\" alt=\"\" class=\"wp-image-656\"\/><\/figure>\n","protected":false},"excerpt":{"rendered":"<p>Eine humorige Konkurrenz- und Liebeserkl\u00e4rung an Wien und Berlin. Wien und Berlin \u2013 zwei ganz besondere Metropolen in Europa, voller Gemeinsamkeiten und vielf\u00e4ltiger Unterschiede. Was wird deshalb passieren, wenn sich eine waschechte schw\u00e4rmende Wienerin: \u201eWien, Wien, nur du allein\u201c mit einem \u00fcberzeugten Berliner: \u201eSehn Se, dass ist Berlin\u201c auf der B\u00fchne trifft, wenn der Kaiserschmarrn &hellip; <\/p>\n<p class=\"link-more\"><a href=\"https:\/\/musik.martha-pfaffeneder.com\/?page_id=80\" class=\"more-link\">Mehr <span class=\"screen-reader-text\">\u00fcber &#8222;Wiener Charme und Berliner Schnauze&#8220; <\/span>Lesen<\/a><\/p>\n","protected":false},"author":1,"featured_media":0,"parent":0,"menu_order":0,"comment_status":"closed","ping_status":"closed","template":"","meta":{"_inspiro_hide_title":false,"footnotes":""},"class_list":["post-80","page","type-page","status-publish","hentry"],"_links":{"self":[{"href":"https:\/\/musik.martha-pfaffeneder.com\/index.php?rest_route=\/wp\/v2\/pages\/80","targetHints":{"allow":["GET"]}}],"collection":[{"href":"https:\/\/musik.martha-pfaffeneder.com\/index.php?rest_route=\/wp\/v2\/pages"}],"about":[{"href":"https:\/\/musik.martha-pfaffeneder.com\/index.php?rest_route=\/wp\/v2\/types\/page"}],"author":[{"embeddable":true,"href":"https:\/\/musik.martha-pfaffeneder.com\/index.php?rest_route=\/wp\/v2\/users\/1"}],"replies":[{"embeddable":true,"href":"https:\/\/musik.martha-pfaffeneder.com\/index.php?rest_route=%2Fwp%2Fv2%2Fcomments&post=80"}],"version-history":[{"count":16,"href":"https:\/\/musik.martha-pfaffeneder.com\/index.php?rest_route=\/wp\/v2\/pages\/80\/revisions"}],"predecessor-version":[{"id":659,"href":"https:\/\/musik.martha-pfaffeneder.com\/index.php?rest_route=\/wp\/v2\/pages\/80\/revisions\/659"}],"wp:attachment":[{"href":"https:\/\/musik.martha-pfaffeneder.com\/index.php?rest_route=%2Fwp%2Fv2%2Fmedia&parent=80"}],"curies":[{"name":"wp","href":"https:\/\/api.w.org\/{rel}","templated":true}]}}

<p><strong><strong>Eine humorige Konkurrenz- und Liebeserklärung an Wien und Berlin.</strong></strong></p>



<p>Wien und Berlin – zwei ganz besondere Metropolen in Europa, voller Gemeinsamkeiten und vielfältiger Unterschiede. Was wird deshalb passieren, wenn sich eine waschechte schwärmende Wienerin: „Wien, Wien, nur du allein“ mit einem überzeugten Berliner: „Sehn Se, dass ist Berlin“ auf der Bühne trifft, wenn der Kaiserschmarrn mit dem strammen Max einen Walzer tanzt und der Wiener mit seinem Wein dem Berliner und seinem Bier zuprostet?</p>



<p>Unaufhaltsam- ein mitreißender, beschwingter Wettstreit, der kein Auge trocken lässt und das Publikum immer wieder zum Singen mitreißt &#8230; Welche Stadt ist älter? &#8230; größer? &#8230; toller? &#8230; und hat die schöneren Lieder?</p>



<p>Sie entscheiden, wer bei diesem Feuerwerk an Gags und Argumenten gewinnt!</p>



<div class="wp-block-media-text is-stacked-on-mobile" style="grid-template-columns:36% auto"><figure class="wp-block-media-text__media"><img loading="lazy" decoding="async" width="400" height="284" src="http://musik.martha-pfaffeneder.com/wp-content/uploads/2025/12/wiener-charme.jpg" alt="" class="wp-image-36 size-full" srcset="https://musik.martha-pfaffeneder.com/wp-content/uploads/2025/12/wiener-charme.jpg 400w, https://musik.martha-pfaffeneder.com/wp-content/uploads/2025/12/wiener-charme-300x213.jpg 300w" sizes="auto, (max-width: 400px) 100vw, 400px" /></figure><div class="wp-block-media-text__content">
<h2 class="wp-block-heading"><em>Wien, Wien, nur du allein? </em><br><em>Foto: D. Spolert</em></h2>
</div></div>



<p></p>



<p>Man könnte mit dem Schiff am Alex ablegen, via Spree in die Havel, in die Elbe, in den Atlantik, bei Gibraltar links abbiegen ins Mittelmeer, durch den Bosporus ins Schwarze Meer, die Donau stromaufwärts bis zur Wiener Reichsbrücke, dort umsteigen in die U-Bahn und am Stephansdom aussteigen &#8230;</p>



<p><strong>Liedauszüge</strong></p>



<ul class="wp-block-list">
<li>Ja, das sind Wiener Geschichten</li>



<li>Lieber Leierkastenmann</li>



<li>Es geht ein Berliner zum Heurig`n</li>



<li>Untern Linden</li>



<li>Mein Liebeslied muss ein Walzer sein</li>



<li>Das ist die Berliner Luft</li>



<li>Es muss was Wunderbares sein</li>



<li>Wer schmeißt denn da mit Lehm</li>
</ul>



<p><strong>Gesang und Moderation: Martha Pfaffeneder<br>Kommentare und Klavier: Jens Karsten Stoll</strong></p>



<p>Dauer: ca. 60–90 min.</p>



<p>Den Pressespiegel zu diesem Programm finden Sie&nbsp;<a href="https://www.martha-pfaffeneder.com/An-der-schoenen.56.0.html">hier</a>.</p>



<p><strong>Fotos zum Programm</strong><a href="https://www.martha-pfaffeneder.com/index.php?eID=tx_cms_showpic&amp;file=uploads%2Fpics%2FDonau_P_011.jpg&amp;md5=e92a00446c245f7cfa231232129669eb48d1c65d&amp;parameters[0]=YTo0OntzOjU6IndpZHRoIjtzOjQ6IjgwMG0iO3M6NjoiaGVpZ2h0IjtzOjQ6IjYw&amp;parameters[1]=MG0iO3M6NzoiYm9keVRhZyI7czo4MjoiPEJPRFkgYmdDb2xvcj13aGl0ZSBsZWZ0&amp;parameters[2]=bWFyZ2luPSIwIiB0b3BtYXJnaW49IjAiIG1hcmdpbndpZHRoPSIwIiBtYXJnaW5o&amp;parameters[3]=ZWlnaHQ9IjAiPiI7czo0OiJ3cmFwIjtzOjM3OiI8QSBocmVmPSJqYXZhc2NyaXB0&amp;parameters[4]=OmNsb3NlKCk7Ij4gfCA8L0E%2BIjt9"></a></p>



<figure class="wp-block-gallery has-nested-images columns-default is-cropped wp-block-gallery-1 is-layout-flex wp-block-gallery-is-layout-flex">
<figure class="wp-block-image size-large"><img loading="lazy" decoding="async" width="766" height="600" data-id="137" src="https://musik.martha-pfaffeneder.com/wp-content/uploads/2025/12/charmeprogramm01.jpg" alt="" class="wp-image-137" srcset="https://musik.martha-pfaffeneder.com/wp-content/uploads/2025/12/charmeprogramm01.jpg 766w, https://musik.martha-pfaffeneder.com/wp-content/uploads/2025/12/charmeprogramm01-300x235.jpg 300w" sizes="auto, (max-width: 766px) 100vw, 766px" /></figure>



<figure class="wp-block-image size-large"><img loading="lazy" decoding="async" width="746" height="600" data-id="138" src="https://musik.martha-pfaffeneder.com/wp-content/uploads/2025/12/charmeprogramm02.jpg" alt="" class="wp-image-138" srcset="https://musik.martha-pfaffeneder.com/wp-content/uploads/2025/12/charmeprogramm02.jpg 746w, https://musik.martha-pfaffeneder.com/wp-content/uploads/2025/12/charmeprogramm02-300x241.jpg 300w" sizes="auto, (max-width: 746px) 100vw, 746px" /></figure>



<figure class="wp-block-image size-large"><img loading="lazy" decoding="async" width="752" height="600" data-id="139" src="https://musik.martha-pfaffeneder.com/wp-content/uploads/2025/12/charmeprogramm03.jpg" alt="" class="wp-image-139" srcset="https://musik.martha-pfaffeneder.com/wp-content/uploads/2025/12/charmeprogramm03.jpg 752w, https://musik.martha-pfaffeneder.com/wp-content/uploads/2025/12/charmeprogramm03-300x239.jpg 300w" sizes="auto, (max-width: 752px) 100vw, 752px" /></figure>
</figure>



<p>Fotos: D. Spolert</p>



<p><a href="https://musik.martha-pfaffeneder.com/?page_id=596">Pressespiegel</a></p>



<p><a href="https://musik.martha-pfaffeneder.com/wp-content/uploads/2026/WienCh-BerlSch.pdf" target="_blank" rel="noreferrer noopener">Postkarte</a> downloaden</p>



<figure class="wp-block-image size-full"><img loading="lazy" decoding="async" width="171" height="120" src="https://musik.martha-pfaffeneder.com/wp-content/uploads/2026/01/wiencharm_berlsch-klein.jpg" alt="" class="wp-image-656"/></figure>

<p>Eine humorige Konkurrenz- und Liebeserklärung an Wien und Berlin. Wien und Berlin – zwei ganz besondere Metropolen in Europa, voller Gemeinsamkeiten und vielfältiger Unterschiede. Was wird deshalb passieren, wenn sich eine waschechte schwärmende Wienerin: „Wien, Wien, nur du allein“ mit einem überzeugten Berliner: „Sehn Se, dass ist Berlin“ auf der Bühne trifft, wenn der Kaiserschmarrn &hellip; </p>
<p class="link-more"><a href="https://musik.martha-pfaffeneder.com/?page_id=80" class="more-link">Mehr <span class="screen-reader-text">über &#8222;Wiener Charme und Berliner Schnauze&#8220; </span>Lesen</a></p>
