{"id":315,"date":"2025-12-12T18:14:04","date_gmt":"2025-12-12T18:14:04","guid":{"rendered":"https:\/\/musik.martha-pfaffeneder.com\/?page_id=315"},"modified":"2025-12-12T18:25:36","modified_gmt":"2025-12-12T18:25:36","slug":"internationale-weihnachtslieder","status":"publish","type":"page","link":"https:\/\/musik.martha-pfaffeneder.com\/?page_id=315","title":{"rendered":"Internationale Weihnachtslieder"},"content":{"rendered":"\n<div class=\"wp-block-media-text is-stacked-on-mobile\" style=\"grid-template-columns:44% auto\"><figure class=\"wp-block-media-text__media\"><img loading=\"lazy\" decoding=\"async\" width=\"450\" height=\"421\" src=\"https:\/\/musik.martha-pfaffeneder.com\/wp-content\/uploads\/2025\/12\/450_5039_int_weihnachtslieder_450.jpg\" alt=\"\" class=\"wp-image-317 size-full\" srcset=\"https:\/\/musik.martha-pfaffeneder.com\/wp-content\/uploads\/2025\/12\/450_5039_int_weihnachtslieder_450.jpg 450w, https:\/\/musik.martha-pfaffeneder.com\/wp-content\/uploads\/2025\/12\/450_5039_int_weihnachtslieder_450-300x281.jpg 300w\" sizes=\"auto, (max-width: 450px) 100vw, 450px\" \/><\/figure><div class=\"wp-block-media-text__content\">\n<h2 class=\"wp-block-heading\"><em>Foto: D. Spolert<\/em><\/h2>\n<\/div><\/div>\n\n\n\n<p><strong>Wundersch\u00f6ne Weihnachtslieder aus Spanien, Frankreich, England, Italien, Polen, Russland, \u00d6sterreich und Deutschland&nbsp;<\/strong>pr\u00e4sentieren das Duo Pfaffeneder \/ Gentsch in wohlklingender Zweistimmigkeit von Sopran und Alt. Dazu erfahren Sie spannende Geschichten \u00fcber die Weihnachtsrituale und -gebr\u00e4uche unserer Nachbarl\u00e4nder.<\/p>\n\n\n\n<p><strong>Liedausz\u00fcge<\/strong><\/p>\n\n\n\n<ul class=\"wp-block-list\">\n<li>One little candle (England)<\/li>\n\n\n\n<li>Dormi, dormi bel Bambin \/ Schlaf, schlaf (Italien)<\/li>\n\n\n\n<li>Es ist f\u00fcr uns eine Zeit angekommen (Salzburg)<\/li>\n\n\n\n<li>Es wird scho glei dumpa (Tirol)<\/li>\n\n\n\n<li>Entre las ocho y las nueve (Spanien)<\/li>\n\n\n\n<li>Just another star (England)<\/li>\n\n\n\n<li>Un flambeau \/ Seht das Licht (Frankreich)<\/li>\n\n\n\n<li>Winter Wonderland (USA)<\/li>\n\n\n\n<li>Es hat sich heut er\u00f6ffnet (Steiermark)<\/li>\n<\/ul>\n\n\n\n<p><strong><strong>Moderation und Gesang: Martha Pfaffeneder<br>Gesang: Heike Gentsch<br>Klavier: Jens Karsten Stoll<\/strong><\/strong><\/p>\n\n\n\n<p>Dauer: 60 Minuten<\/p>\n","protected":false},"excerpt":{"rendered":"<p>Foto: D. Spolert Wundersch\u00f6ne Weihnachtslieder aus Spanien, Frankreich, England, Italien, Polen, Russland, \u00d6sterreich und Deutschland&nbsp;pr\u00e4sentieren das Duo Pfaffeneder \/ Gentsch in wohlklingender Zweistimmigkeit von Sopran und Alt. Dazu erfahren Sie spannende Geschichten \u00fcber die Weihnachtsrituale und -gebr\u00e4uche unserer Nachbarl\u00e4nder. Liedausz\u00fcge Moderation und Gesang: Martha PfaffenederGesang: Heike GentschKlavier: Jens Karsten Stoll Dauer: 60 Minuten<\/p>\n","protected":false},"author":1,"featured_media":0,"parent":0,"menu_order":0,"comment_status":"closed","ping_status":"closed","template":"","meta":{"_inspiro_hide_title":false,"footnotes":""},"class_list":["post-315","page","type-page","status-publish","hentry"],"_links":{"self":[{"href":"https:\/\/musik.martha-pfaffeneder.com\/index.php?rest_route=\/wp\/v2\/pages\/315","targetHints":{"allow":["GET"]}}],"collection":[{"href":"https:\/\/musik.martha-pfaffeneder.com\/index.php?rest_route=\/wp\/v2\/pages"}],"about":[{"href":"https:\/\/musik.martha-pfaffeneder.com\/index.php?rest_route=\/wp\/v2\/types\/page"}],"author":[{"embeddable":true,"href":"https:\/\/musik.martha-pfaffeneder.com\/index.php?rest_route=\/wp\/v2\/users\/1"}],"replies":[{"embeddable":true,"href":"https:\/\/musik.martha-pfaffeneder.com\/index.php?rest_route=%2Fwp%2Fv2%2Fcomments&post=315"}],"version-history":[{"count":4,"href":"https:\/\/musik.martha-pfaffeneder.com\/index.php?rest_route=\/wp\/v2\/pages\/315\/revisions"}],"predecessor-version":[{"id":337,"href":"https:\/\/musik.martha-pfaffeneder.com\/index.php?rest_route=\/wp\/v2\/pages\/315\/revisions\/337"}],"wp:attachment":[{"href":"https:\/\/musik.martha-pfaffeneder.com\/index.php?rest_route=%2Fwp%2Fv2%2Fmedia&parent=315"}],"curies":[{"name":"wp","href":"https:\/\/api.w.org\/{rel}","templated":true}]}}

<div class="wp-block-media-text is-stacked-on-mobile" style="grid-template-columns:44% auto"><figure class="wp-block-media-text__media"><img loading="lazy" decoding="async" width="450" height="421" src="https://musik.martha-pfaffeneder.com/wp-content/uploads/2025/12/450_5039_int_weihnachtslieder_450.jpg" alt="" class="wp-image-317 size-full" srcset="https://musik.martha-pfaffeneder.com/wp-content/uploads/2025/12/450_5039_int_weihnachtslieder_450.jpg 450w, https://musik.martha-pfaffeneder.com/wp-content/uploads/2025/12/450_5039_int_weihnachtslieder_450-300x281.jpg 300w" sizes="auto, (max-width: 450px) 100vw, 450px" /></figure><div class="wp-block-media-text__content">
<h2 class="wp-block-heading"><em>Foto: D. Spolert</em></h2>
</div></div>



<p><strong>Wunderschöne Weihnachtslieder aus Spanien, Frankreich, England, Italien, Polen, Russland, Österreich und Deutschland&nbsp;</strong>präsentieren das Duo Pfaffeneder / Gentsch in wohlklingender Zweistimmigkeit von Sopran und Alt. Dazu erfahren Sie spannende Geschichten über die Weihnachtsrituale und -gebräuche unserer Nachbarländer.</p>



<p><strong>Liedauszüge</strong></p>



<ul class="wp-block-list">
<li>One little candle (England)</li>



<li>Dormi, dormi bel Bambin / Schlaf, schlaf (Italien)</li>



<li>Es ist für uns eine Zeit angekommen (Salzburg)</li>



<li>Es wird scho glei dumpa (Tirol)</li>



<li>Entre las ocho y las nueve (Spanien)</li>



<li>Just another star (England)</li>



<li>Un flambeau / Seht das Licht (Frankreich)</li>



<li>Winter Wonderland (USA)</li>



<li>Es hat sich heut eröffnet (Steiermark)</li>
</ul>



<p><strong><strong>Moderation und Gesang: Martha Pfaffeneder<br>Gesang: Heike Gentsch<br>Klavier: Jens Karsten Stoll</strong></strong></p>



<p>Dauer: 60 Minuten</p>

<p>Foto: D. Spolert Wunderschöne Weihnachtslieder aus Spanien, Frankreich, England, Italien, Polen, Russland, Österreich und Deutschland&nbsp;präsentieren das Duo Pfaffeneder / Gentsch in wohlklingender Zweistimmigkeit von Sopran und Alt. Dazu erfahren Sie spannende Geschichten über die Weihnachtsrituale und -gebräuche unserer Nachbarländer. Liedauszüge Moderation und Gesang: Martha PfaffenederGesang: Heike GentschKlavier: Jens Karsten Stoll Dauer: 60 Minuten</p>
