{"id":300,"date":"2025-12-12T18:00:37","date_gmt":"2025-12-12T18:00:37","guid":{"rendered":"https:\/\/musik.martha-pfaffeneder.com\/?page_id=300"},"modified":"2026-01-27T14:41:49","modified_gmt":"2026-01-27T14:41:49","slug":"erntedank-und-oktoberfest","status":"publish","type":"page","link":"https:\/\/musik.martha-pfaffeneder.com\/?page_id=300","title":{"rendered":"Erntedank und Oktoberfest"},"content":{"rendered":"\n<div class=\"wp-block-media-text is-stacked-on-mobile\" style=\"grid-template-columns:41% auto\"><figure class=\"wp-block-media-text__media\"><img loading=\"lazy\" decoding=\"async\" width=\"450\" height=\"299\" src=\"https:\/\/musik.martha-pfaffeneder.com\/wp-content\/uploads\/2025\/12\/erntedank.jpg\" alt=\"\" class=\"wp-image-302 size-full\" srcset=\"https:\/\/musik.martha-pfaffeneder.com\/wp-content\/uploads\/2025\/12\/erntedank.jpg 450w, https:\/\/musik.martha-pfaffeneder.com\/wp-content\/uploads\/2025\/12\/erntedank-300x199.jpg 300w\" sizes=\"auto, (max-width: 450px) 100vw, 450px\" \/><\/figure><div class=\"wp-block-media-text__content\">\n<h2 class=\"wp-block-heading\"><em>&#8230; danket, freuet euch und feiert<\/em><\/h2>\n<\/div><\/div>\n\n\n\n<p><strong>\u2026 danket, freuet euch und feiert \u2026 &nbsp; &nbsp;<\/strong><\/p>\n\n\n\n<p>ein schwungvolles Festprogramm zum Mitsingen, zum Lachen, zum Genie\u00dfen<\/p>\n\n\n\n<p><strong>&#8230; mit wundersch\u00f6nen melodischen Volksliedern<\/strong><\/p>\n\n\n\n<ul class=\"wp-block-list\">\n<li>Bunt sind schon die W\u00e4lder<\/li>\n\n\n\n<li>Wahre Freundschaft soll nicht wanken<\/li>\n\n\n\n<li>Muss i denn, muss i denn zum St\u00e4dtele hinaus<\/li>\n\n\n\n<li>Auf der Heide bl\u00fch&#8217;n die letzten Rosen<\/li>\n\n\n\n<li>Wenn die wilden Winde st\u00fcrmen<\/li>\n<\/ul>\n\n\n\n<p><strong>mit bekannten Herbstgedichten<\/strong><br>von Rainer Maria Rilke, Theodor Fontane, Friedrich Hebbel, Theodor Storm, Joseph von Eichendorff&nbsp;<\/p>\n\n\n\n<p><strong>mit beliebten Stimmungsliedern<\/strong><br>Medleys: Lustig ist das Zigeunerleben, In M\u00fcnchen steht ein Hofbr\u00e4uhaus, Wir kommen alle in den Himmel, So ein Tag &#8211; so wundersch\u00f6n wie heute, Ich trink den Wein nicht gern allein, Es geht ein Berliner zum Heurigen auf&#8217;n Wein<\/p>\n\n\n\n<p><strong>Gesang, Texte: Martha Pfaffeneder<br>Klavier: Chris&nbsp;Szachnowski<\/strong><\/p>\n\n\n\n<p>Dauer: 60 Minuten<\/p>\n\n\n\n<p><strong>Bild zum Programm<\/strong><\/p>\n\n\n\n<figure class=\"wp-block-gallery has-nested-images columns-default is-cropped wp-block-gallery-1 is-layout-flex wp-block-gallery-is-layout-flex\">\n<figure class=\"wp-block-image size-large\"><img loading=\"lazy\" decoding=\"async\" width=\"450\" height=\"413\" data-id=\"307\" src=\"https:\/\/musik.martha-pfaffeneder.com\/wp-content\/uploads\/2025\/12\/oktoberfest.jpg\" alt=\"\" class=\"wp-image-307\" srcset=\"https:\/\/musik.martha-pfaffeneder.com\/wp-content\/uploads\/2025\/12\/oktoberfest.jpg 450w, https:\/\/musik.martha-pfaffeneder.com\/wp-content\/uploads\/2025\/12\/oktoberfest-300x275.jpg 300w\" sizes=\"auto, (max-width: 450px) 100vw, 450px\" \/><\/figure>\n\n\n\n<figure class=\"wp-block-image size-large\"><img loading=\"lazy\" decoding=\"async\" width=\"1024\" height=\"694\" data-id=\"306\" src=\"https:\/\/musik.martha-pfaffeneder.com\/wp-content\/uploads\/2025\/12\/platzhalter-5-1024x694.jpg\" alt=\"\" class=\"wp-image-306\" srcset=\"https:\/\/musik.martha-pfaffeneder.com\/wp-content\/uploads\/2025\/12\/platzhalter-5-1024x694.jpg 1024w, https:\/\/musik.martha-pfaffeneder.com\/wp-content\/uploads\/2025\/12\/platzhalter-5-300x203.jpg 300w, https:\/\/musik.martha-pfaffeneder.com\/wp-content\/uploads\/2025\/12\/platzhalter-5.jpg 1069w\" sizes=\"auto, (max-width: 1024px) 100vw, 1024px\" \/><\/figure>\n\n\n\n<figure class=\"wp-block-image size-large\"><img loading=\"lazy\" decoding=\"async\" width=\"1024\" height=\"694\" data-id=\"305\" src=\"https:\/\/musik.martha-pfaffeneder.com\/wp-content\/uploads\/2025\/12\/platzhalter01-5-1024x694.jpg\" alt=\"\" class=\"wp-image-305\" srcset=\"https:\/\/musik.martha-pfaffeneder.com\/wp-content\/uploads\/2025\/12\/platzhalter01-5-1024x694.jpg 1024w, https:\/\/musik.martha-pfaffeneder.com\/wp-content\/uploads\/2025\/12\/platzhalter01-5-300x203.jpg 300w, https:\/\/musik.martha-pfaffeneder.com\/wp-content\/uploads\/2025\/12\/platzhalter01-5.jpg 1069w\" sizes=\"auto, (max-width: 1024px) 100vw, 1024px\" \/><\/figure>\n<\/figure>\n\n\n\n<p><\/p>\n\n\n\n<p><\/p>\n","protected":false},"excerpt":{"rendered":"<p>&#8230; danket, freuet euch und feiert \u2026 danket, freuet euch und feiert \u2026 &nbsp; &nbsp; ein schwungvolles Festprogramm zum Mitsingen, zum Lachen, zum Genie\u00dfen &#8230; mit wundersch\u00f6nen melodischen Volksliedern mit bekannten Herbstgedichtenvon Rainer Maria Rilke, Theodor Fontane, Friedrich Hebbel, Theodor Storm, Joseph von Eichendorff&nbsp; mit beliebten StimmungsliedernMedleys: Lustig ist das Zigeunerleben, In M\u00fcnchen steht ein &hellip; <\/p>\n<p class=\"link-more\"><a href=\"https:\/\/musik.martha-pfaffeneder.com\/?page_id=300\" class=\"more-link\">Mehr <span class=\"screen-reader-text\">\u00fcber &#8222;Erntedank und Oktoberfest&#8220; <\/span>Lesen<\/a><\/p>\n","protected":false},"author":1,"featured_media":0,"parent":0,"menu_order":0,"comment_status":"closed","ping_status":"closed","template":"","meta":{"_inspiro_hide_title":false,"footnotes":""},"class_list":["post-300","page","type-page","status-publish","hentry"],"_links":{"self":[{"href":"https:\/\/musik.martha-pfaffeneder.com\/index.php?rest_route=\/wp\/v2\/pages\/300","targetHints":{"allow":["GET"]}}],"collection":[{"href":"https:\/\/musik.martha-pfaffeneder.com\/index.php?rest_route=\/wp\/v2\/pages"}],"about":[{"href":"https:\/\/musik.martha-pfaffeneder.com\/index.php?rest_route=\/wp\/v2\/types\/page"}],"author":[{"embeddable":true,"href":"https:\/\/musik.martha-pfaffeneder.com\/index.php?rest_route=\/wp\/v2\/users\/1"}],"replies":[{"embeddable":true,"href":"https:\/\/musik.martha-pfaffeneder.com\/index.php?rest_route=%2Fwp%2Fv2%2Fcomments&post=300"}],"version-history":[{"count":5,"href":"https:\/\/musik.martha-pfaffeneder.com\/index.php?rest_route=\/wp\/v2\/pages\/300\/revisions"}],"predecessor-version":[{"id":701,"href":"https:\/\/musik.martha-pfaffeneder.com\/index.php?rest_route=\/wp\/v2\/pages\/300\/revisions\/701"}],"wp:attachment":[{"href":"https:\/\/musik.martha-pfaffeneder.com\/index.php?rest_route=%2Fwp%2Fv2%2Fmedia&parent=300"}],"curies":[{"name":"wp","href":"https:\/\/api.w.org\/{rel}","templated":true}]}}

<div class="wp-block-media-text is-stacked-on-mobile" style="grid-template-columns:41% auto"><figure class="wp-block-media-text__media"><img loading="lazy" decoding="async" width="450" height="299" src="https://musik.martha-pfaffeneder.com/wp-content/uploads/2025/12/erntedank.jpg" alt="" class="wp-image-302 size-full" srcset="https://musik.martha-pfaffeneder.com/wp-content/uploads/2025/12/erntedank.jpg 450w, https://musik.martha-pfaffeneder.com/wp-content/uploads/2025/12/erntedank-300x199.jpg 300w" sizes="auto, (max-width: 450px) 100vw, 450px" /></figure><div class="wp-block-media-text__content">
<h2 class="wp-block-heading"><em>&#8230; danket, freuet euch und feiert</em></h2>
</div></div>



<p><strong>… danket, freuet euch und feiert … &nbsp; &nbsp;</strong></p>



<p>ein schwungvolles Festprogramm zum Mitsingen, zum Lachen, zum Genießen</p>



<p><strong>&#8230; mit wunderschönen melodischen Volksliedern</strong></p>



<ul class="wp-block-list">
<li>Bunt sind schon die Wälder</li>



<li>Wahre Freundschaft soll nicht wanken</li>



<li>Muss i denn, muss i denn zum Städtele hinaus</li>



<li>Auf der Heide blüh&#8217;n die letzten Rosen</li>



<li>Wenn die wilden Winde stürmen</li>
</ul>



<p><strong>mit bekannten Herbstgedichten</strong><br>von Rainer Maria Rilke, Theodor Fontane, Friedrich Hebbel, Theodor Storm, Joseph von Eichendorff&nbsp;</p>



<p><strong>mit beliebten Stimmungsliedern</strong><br>Medleys: Lustig ist das Zigeunerleben, In München steht ein Hofbräuhaus, Wir kommen alle in den Himmel, So ein Tag &#8211; so wunderschön wie heute, Ich trink den Wein nicht gern allein, Es geht ein Berliner zum Heurigen auf&#8217;n Wein</p>



<p><strong>Gesang, Texte: Martha Pfaffeneder<br>Klavier: Chris&nbsp;Szachnowski</strong></p>



<p>Dauer: 60 Minuten</p>



<p><strong>Bild zum Programm</strong></p>



<figure class="wp-block-gallery has-nested-images columns-default is-cropped wp-block-gallery-1 is-layout-flex wp-block-gallery-is-layout-flex">
<figure class="wp-block-image size-large"><img loading="lazy" decoding="async" width="450" height="413" data-id="307" src="https://musik.martha-pfaffeneder.com/wp-content/uploads/2025/12/oktoberfest.jpg" alt="" class="wp-image-307" srcset="https://musik.martha-pfaffeneder.com/wp-content/uploads/2025/12/oktoberfest.jpg 450w, https://musik.martha-pfaffeneder.com/wp-content/uploads/2025/12/oktoberfest-300x275.jpg 300w" sizes="auto, (max-width: 450px) 100vw, 450px" /></figure>



<figure class="wp-block-image size-large"><img loading="lazy" decoding="async" width="1024" height="694" data-id="306" src="https://musik.martha-pfaffeneder.com/wp-content/uploads/2025/12/platzhalter-5-1024x694.jpg" alt="" class="wp-image-306" srcset="https://musik.martha-pfaffeneder.com/wp-content/uploads/2025/12/platzhalter-5-1024x694.jpg 1024w, https://musik.martha-pfaffeneder.com/wp-content/uploads/2025/12/platzhalter-5-300x203.jpg 300w, https://musik.martha-pfaffeneder.com/wp-content/uploads/2025/12/platzhalter-5.jpg 1069w" sizes="auto, (max-width: 1024px) 100vw, 1024px" /></figure>



<figure class="wp-block-image size-large"><img loading="lazy" decoding="async" width="1024" height="694" data-id="305" src="https://musik.martha-pfaffeneder.com/wp-content/uploads/2025/12/platzhalter01-5-1024x694.jpg" alt="" class="wp-image-305" srcset="https://musik.martha-pfaffeneder.com/wp-content/uploads/2025/12/platzhalter01-5-1024x694.jpg 1024w, https://musik.martha-pfaffeneder.com/wp-content/uploads/2025/12/platzhalter01-5-300x203.jpg 300w, https://musik.martha-pfaffeneder.com/wp-content/uploads/2025/12/platzhalter01-5.jpg 1069w" sizes="auto, (max-width: 1024px) 100vw, 1024px" /></figure>
</figure>



<p></p>



<p></p>

<p>&#8230; danket, freuet euch und feiert … danket, freuet euch und feiert … &nbsp; &nbsp; ein schwungvolles Festprogramm zum Mitsingen, zum Lachen, zum Genießen &#8230; mit wunderschönen melodischen Volksliedern mit bekannten Herbstgedichtenvon Rainer Maria Rilke, Theodor Fontane, Friedrich Hebbel, Theodor Storm, Joseph von Eichendorff&nbsp; mit beliebten StimmungsliedernMedleys: Lustig ist das Zigeunerleben, In München steht ein &hellip; </p>
<p class="link-more"><a href="https://musik.martha-pfaffeneder.com/?page_id=300" class="more-link">Mehr <span class="screen-reader-text">über &#8222;Erntedank und Oktoberfest&#8220; </span>Lesen</a></p>
