{"id":247,"date":"2025-12-12T17:25:17","date_gmt":"2025-12-12T17:25:17","guid":{"rendered":"https:\/\/musik.martha-pfaffeneder.com\/?page_id=247"},"modified":"2025-12-12T18:27:31","modified_gmt":"2025-12-12T18:27:31","slug":"vom-lachen-und-laecheln-in-der-poesie","status":"publish","type":"page","link":"https:\/\/musik.martha-pfaffeneder.com\/?page_id=247","title":{"rendered":"&#8230; vom Lachen und L\u00e4cheln in der Poesie"},"content":{"rendered":"\n<div class=\"wp-block-media-text is-stacked-on-mobile\" style=\"grid-template-columns:28% auto\"><figure class=\"wp-block-media-text__media\"><img loading=\"lazy\" decoding=\"async\" width=\"400\" height=\"600\" src=\"https:\/\/musik.martha-pfaffeneder.com\/wp-content\/uploads\/2025\/12\/lachen-martha.jpg\" alt=\"\" class=\"wp-image-248 size-full\" srcset=\"https:\/\/musik.martha-pfaffeneder.com\/wp-content\/uploads\/2025\/12\/lachen-martha.jpg 400w, https:\/\/musik.martha-pfaffeneder.com\/wp-content\/uploads\/2025\/12\/lachen-martha-200x300.jpg 200w\" sizes=\"auto, (max-width: 400px) 100vw, 400px\" \/><\/figure><div class=\"wp-block-media-text__content\">\n<h2 class=\"wp-block-heading\"><em>Durch Lachen zur Klarheit<br>Foto: D. Spolert<\/em><\/h2>\n<\/div><\/div>\n\n\n\n<p><\/p>\n\n\n\n<p><strong>VEREHRTES PUBLIKUM<\/strong><\/p>\n\n\n\n<p>Lachen soll heilsam sein!<br>Wor\u00fcber lachen wir?<br>Sie sollen bitte heute lachen \u00fcber einen verqueren Humor, \u00fcber einen Humor, der schwarz ist wie der von den Engl\u00e4ndern oder den Wienern.<\/p>\n\n\n\n<p>In den Texten und Gedichten kommen Menschen vor wie Du und ich.<br>Alle haben ihre \u201ekleinen Macken\u201c.<br>Die Macken bringen Streit unter die Leut.<br>Es gibt Missverst\u00e4ndnisse, kleine B\u00f6sartigkeiten und Ironie.<br>Wenn wir die \u201eFehler\u201c der anderen sehen, wird es uns vielleicht m\u00f6glich, &nbsp;auch \u00fcber die eigenen Unzul\u00e4nglichkeiten zu lachen.<\/p>\n\n\n\n<p>Dann wird das Lachen vielleicht zu einem L\u00e4cheln in dem wir andere und uns wie in einem Spiegel wiederfinden.<\/p>\n\n\n\n<p><strong>Lieder<\/strong>&nbsp;von Friedrich Hollaender, Hugo Wiener, Otto Reutter, G\u00fcnther Neumann, Ferdinand Raimund, Conrad Scherber u.v.a.<\/p>\n\n\n\n<p><strong>Prosa und Gedichte<\/strong>&nbsp;von Bertolt Brecht, Kurt Tucholsky, Wolfgang Borchert, Erich Fried, Joachim Ringelnatz, Wolf Wondratschek, Else Lasker-Sch\u00fcler u.v.a.<\/p>\n\n\n\n<p><strong>Liedausz\u00fcge<\/strong><\/p>\n\n\n\n<ul class=\"wp-block-list\">\n<li>Nehm &#8217;n Sie &#8217;n Alten<\/li>\n\n\n\n<li>Die Kleptomanin<\/li>\n\n\n\n<li>Die Tritsch-Tratsch-Polka<\/li>\n\n\n\n<li>Die Dame der alten Schule<\/li>\n\n\n\n<li>Ein Neandertaler<\/li>\n\n\n\n<li>Ich lass mir meinen K\u00f6rper schwarz bepinseln<\/li>\n<\/ul>\n\n\n\n<p><strong><strong>Text und Gesang: Martha Pfaffeneder<br>Klavier: Jens Karsten Stoll<\/strong><\/strong><\/p>\n\n\n\n<p>Dauer: 60 Minuten<\/p>\n\n\n\n<p><\/p>\n","protected":false},"excerpt":{"rendered":"<p>Durch Lachen zur KlarheitFoto: D. Spolert VEREHRTES PUBLIKUM Lachen soll heilsam sein!Wor\u00fcber lachen wir?Sie sollen bitte heute lachen \u00fcber einen verqueren Humor, \u00fcber einen Humor, der schwarz ist wie der von den Engl\u00e4ndern oder den Wienern. In den Texten und Gedichten kommen Menschen vor wie Du und ich.Alle haben ihre \u201ekleinen Macken\u201c.Die Macken bringen Streit &hellip; <\/p>\n<p class=\"link-more\"><a href=\"https:\/\/musik.martha-pfaffeneder.com\/?page_id=247\" class=\"more-link\">Mehr <span class=\"screen-reader-text\">\u00fcber &#8222;&#8230; vom Lachen und L\u00e4cheln in der Poesie&#8220; <\/span>Lesen<\/a><\/p>\n","protected":false},"author":1,"featured_media":0,"parent":0,"menu_order":0,"comment_status":"closed","ping_status":"closed","template":"","meta":{"_inspiro_hide_title":false,"footnotes":""},"class_list":["post-247","page","type-page","status-publish","hentry"],"_links":{"self":[{"href":"https:\/\/musik.martha-pfaffeneder.com\/index.php?rest_route=\/wp\/v2\/pages\/247","targetHints":{"allow":["GET"]}}],"collection":[{"href":"https:\/\/musik.martha-pfaffeneder.com\/index.php?rest_route=\/wp\/v2\/pages"}],"about":[{"href":"https:\/\/musik.martha-pfaffeneder.com\/index.php?rest_route=\/wp\/v2\/types\/page"}],"author":[{"embeddable":true,"href":"https:\/\/musik.martha-pfaffeneder.com\/index.php?rest_route=\/wp\/v2\/users\/1"}],"replies":[{"embeddable":true,"href":"https:\/\/musik.martha-pfaffeneder.com\/index.php?rest_route=%2Fwp%2Fv2%2Fcomments&post=247"}],"version-history":[{"count":2,"href":"https:\/\/musik.martha-pfaffeneder.com\/index.php?rest_route=\/wp\/v2\/pages\/247\/revisions"}],"predecessor-version":[{"id":340,"href":"https:\/\/musik.martha-pfaffeneder.com\/index.php?rest_route=\/wp\/v2\/pages\/247\/revisions\/340"}],"wp:attachment":[{"href":"https:\/\/musik.martha-pfaffeneder.com\/index.php?rest_route=%2Fwp%2Fv2%2Fmedia&parent=247"}],"curies":[{"name":"wp","href":"https:\/\/api.w.org\/{rel}","templated":true}]}}

&#8230; vom Lachen und Lächeln in der Poesie

<div class="wp-block-media-text is-stacked-on-mobile" style="grid-template-columns:28% auto"><figure class="wp-block-media-text__media"><img loading="lazy" decoding="async" width="400" height="600" src="https://musik.martha-pfaffeneder.com/wp-content/uploads/2025/12/lachen-martha.jpg" alt="" class="wp-image-248 size-full" srcset="https://musik.martha-pfaffeneder.com/wp-content/uploads/2025/12/lachen-martha.jpg 400w, https://musik.martha-pfaffeneder.com/wp-content/uploads/2025/12/lachen-martha-200x300.jpg 200w" sizes="auto, (max-width: 400px) 100vw, 400px" /></figure><div class="wp-block-media-text__content">
<h2 class="wp-block-heading"><em>Durch Lachen zur Klarheit<br>Foto: D. Spolert</em></h2>
</div></div>



<p></p>



<p><strong>VEREHRTES PUBLIKUM</strong></p>



<p>Lachen soll heilsam sein!<br>Worüber lachen wir?<br>Sie sollen bitte heute lachen über einen verqueren Humor, über einen Humor, der schwarz ist wie der von den Engländern oder den Wienern.</p>



<p>In den Texten und Gedichten kommen Menschen vor wie Du und ich.<br>Alle haben ihre „kleinen Macken“.<br>Die Macken bringen Streit unter die Leut.<br>Es gibt Missverständnisse, kleine Bösartigkeiten und Ironie.<br>Wenn wir die „Fehler“ der anderen sehen, wird es uns vielleicht möglich, &nbsp;auch über die eigenen Unzulänglichkeiten zu lachen.</p>



<p>Dann wird das Lachen vielleicht zu einem Lächeln in dem wir andere und uns wie in einem Spiegel wiederfinden.</p>



<p><strong>Lieder</strong>&nbsp;von Friedrich Hollaender, Hugo Wiener, Otto Reutter, Günther Neumann, Ferdinand Raimund, Conrad Scherber u.v.a.</p>



<p><strong>Prosa und Gedichte</strong>&nbsp;von Bertolt Brecht, Kurt Tucholsky, Wolfgang Borchert, Erich Fried, Joachim Ringelnatz, Wolf Wondratschek, Else Lasker-Schüler u.v.a.</p>



<p><strong>Liedauszüge</strong></p>



<ul class="wp-block-list">
<li>Nehm &#8217;n Sie &#8217;n Alten</li>



<li>Die Kleptomanin</li>



<li>Die Tritsch-Tratsch-Polka</li>



<li>Die Dame der alten Schule</li>



<li>Ein Neandertaler</li>



<li>Ich lass mir meinen Körper schwarz bepinseln</li>
</ul>



<p><strong><strong>Text und Gesang: Martha Pfaffeneder<br>Klavier: Jens Karsten Stoll</strong></strong></p>



<p>Dauer: 60 Minuten</p>



<p></p>

<p>Durch Lachen zur KlarheitFoto: D. Spolert VEREHRTES PUBLIKUM Lachen soll heilsam sein!Worüber lachen wir?Sie sollen bitte heute lachen über einen verqueren Humor, über einen Humor, der schwarz ist wie der von den Engländern oder den Wienern. In den Texten und Gedichten kommen Menschen vor wie Du und ich.Alle haben ihre „kleinen Macken“.Die Macken bringen Streit &hellip; </p>
<p class="link-more"><a href="https://musik.martha-pfaffeneder.com/?page_id=247" class="more-link">Mehr <span class="screen-reader-text">über &#8222;&#8230; vom Lachen und Lächeln in der Poesie&#8220; </span>Lesen</a></p>
