{"id":193,"date":"2025-12-11T17:25:56","date_gmt":"2025-12-11T17:25:56","guid":{"rendered":"https:\/\/musik.martha-pfaffeneder.com\/?page_id=193"},"modified":"2026-01-27T14:31:10","modified_gmt":"2026-01-27T14:31:10","slug":"fuer-mich-solls-rote-rosen-regnen-2","status":"publish","type":"page","link":"https:\/\/musik.martha-pfaffeneder.com\/?page_id=193","title":{"rendered":"F\u00fcr mich soll&#8217;s rote Rosen regnen"},"content":{"rendered":"\n<div class=\"wp-block-media-text is-stacked-on-mobile\" style=\"grid-template-columns:23% auto\"><figure class=\"wp-block-media-text__media\"><img loading=\"lazy\" decoding=\"async\" width=\"250\" height=\"368\" src=\"https:\/\/musik.martha-pfaffeneder.com\/wp-content\/uploads\/2025\/12\/roterosen-4.jpg\" alt=\"\" class=\"wp-image-194 size-full\" srcset=\"https:\/\/musik.martha-pfaffeneder.com\/wp-content\/uploads\/2025\/12\/roterosen-4.jpg 250w, https:\/\/musik.martha-pfaffeneder.com\/wp-content\/uploads\/2025\/12\/roterosen-4-204x300.jpg 204w\" sizes=\"auto, (max-width: 250px) 100vw, 250px\" \/><\/figure><div class=\"wp-block-media-text__content\">\n<h2 class=\"wp-block-heading\"><em>Hildegard Knef: &#8222;The greatest singer without a voice&#8220;<br>Foto: D. Spolert<\/em><\/h2>\n<\/div><\/div>\n\n\n\n<p>Hildegard Knef. Die letzte gro\u00dfe deutsche Diva \u2013 ihre besonderen Talente als Autorin, S\u00e4ngerin und Schauspielerin \u2013 ihr facettenreiches und bewegtes Leben. &nbsp;<\/p>\n\n\n\n<p>geboren am 28.12.1925 in Ulm<br>gestorben am 01.02.2002 in Berlin &nbsp;<\/p>\n\n\n\n<p>Ein Programm mit spannenden, unterhaltsamen Stationen von Hildes Liedern, die sie unvergesslich werden lie\u00dfen und deren Texte zeitlos aktuell bleiben. \u00dcber sieben Jahrzehnte wusste die gro\u00dfe Diva mit ihrer Vielseitigkeit viele Generationen zu fesseln. Und wie sie selber sagte: \u201e\u2026immer wieder aufstand!\u201c, trotz Kritik, Mediengier, Krankheiten und Schicksalsschl\u00e4gen. Es ist nicht zuletzt ein Programm, welches an ihre widerspr\u00fcchliche Einzigartigkeit erinnert.<\/p>\n\n\n\n<p><strong>Liedausz\u00fcge<\/strong><\/p>\n\n\n\n<ul class=\"wp-block-list\">\n<li>F\u00fcr mich soll\u00b4s rote&nbsp; Rosen regnen<\/li>\n\n\n\n<li>Eins und eins das macht zwei<\/li>\n\n\n\n<li>Von nun an ging&#8217;s bergab<\/li>\n\n\n\n<li>In dieser Stadt<\/li>\n\n\n\n<li>Tage h\u00e4ngen wie Trauerweiden<\/li>\n\n\n\n<li>Das Gl\u00fcck kennt nur Minuten<\/li>\n<\/ul>\n\n\n\n<p><strong>Gesang und Moderation: Martha Pfaffeneder<br>Text und Klavier: Jens Karsten Stoll&nbsp;<br>Regie: Steffen Kaiser<\/strong>&nbsp;&nbsp;<\/p>\n\n\n\n<p>Dauer: 60\u201390 min.<\/p>\n\n\n\n<p><strong>Fotos zum Programm<\/strong><\/p>\n\n\n\n<figure class=\"wp-block-gallery has-nested-images columns-default is-cropped wp-block-gallery-1 is-layout-flex wp-block-gallery-is-layout-flex\">\n<figure class=\"wp-block-image size-large\"><img loading=\"lazy\" decoding=\"async\" width=\"421\" height=\"600\" data-id=\"198\" src=\"https:\/\/musik.martha-pfaffeneder.com\/wp-content\/uploads\/2025\/12\/marthaknef01-2.jpg\" alt=\"\" class=\"wp-image-198\" srcset=\"https:\/\/musik.martha-pfaffeneder.com\/wp-content\/uploads\/2025\/12\/marthaknef01-2.jpg 421w, https:\/\/musik.martha-pfaffeneder.com\/wp-content\/uploads\/2025\/12\/marthaknef01-2-211x300.jpg 211w\" sizes=\"auto, (max-width: 421px) 100vw, 421px\" \/><\/figure>\n\n\n\n<figure class=\"wp-block-image size-large\"><img loading=\"lazy\" decoding=\"async\" width=\"400\" height=\"600\" data-id=\"199\" src=\"https:\/\/musik.martha-pfaffeneder.com\/wp-content\/uploads\/2025\/12\/marthaknef02-2.jpg\" alt=\"\" class=\"wp-image-199\" srcset=\"https:\/\/musik.martha-pfaffeneder.com\/wp-content\/uploads\/2025\/12\/marthaknef02-2.jpg 400w, https:\/\/musik.martha-pfaffeneder.com\/wp-content\/uploads\/2025\/12\/marthaknef02-2-200x300.jpg 200w\" sizes=\"auto, (max-width: 400px) 100vw, 400px\" \/><\/figure>\n\n\n\n<figure class=\"wp-block-image size-large\"><img loading=\"lazy\" decoding=\"async\" width=\"400\" height=\"600\" data-id=\"200\" src=\"https:\/\/musik.martha-pfaffeneder.com\/wp-content\/uploads\/2025\/12\/marthaknef03-2.jpg\" alt=\"\" class=\"wp-image-200\" srcset=\"https:\/\/musik.martha-pfaffeneder.com\/wp-content\/uploads\/2025\/12\/marthaknef03-2.jpg 400w, https:\/\/musik.martha-pfaffeneder.com\/wp-content\/uploads\/2025\/12\/marthaknef03-2-200x300.jpg 200w\" sizes=\"auto, (max-width: 400px) 100vw, 400px\" \/><\/figure>\n<\/figure>\n\n\n\n<p>Fotos: D. Spolert<\/p>\n\n\n\n<p><a href=\"https:\/\/musik.martha-pfaffeneder.com\/?page_id=193\">Pressespiegel<\/a><\/p>\n\n\n\n<p><a href=\"https:\/\/musik.martha-pfaffeneder.com\/wp-content\/uploads\/2026\/HK-karte_online.pdf\" target=\"_blank\" rel=\"noreferrer noopener\">Postkarte <\/a>downloaden<\/p>\n\n\n\n<figure class=\"wp-block-image size-full\"><img loading=\"lazy\" decoding=\"async\" width=\"128\" height=\"180\" src=\"https:\/\/musik.martha-pfaffeneder.com\/wp-content\/uploads\/2026\/01\/knef-klein.jpg\" alt=\"\" class=\"wp-image-661\"\/><\/figure>\n","protected":false},"excerpt":{"rendered":"<p>Hildegard Knef: &#8222;The greatest singer without a voice&#8220;Foto: D. Spolert Hildegard Knef. Die letzte gro\u00dfe deutsche Diva \u2013 ihre besonderen Talente als Autorin, S\u00e4ngerin und Schauspielerin \u2013 ihr facettenreiches und bewegtes Leben. &nbsp; geboren am 28.12.1925 in Ulmgestorben am 01.02.2002 in Berlin &nbsp; Ein Programm mit spannenden, unterhaltsamen Stationen von Hildes Liedern, die sie unvergesslich &hellip; <\/p>\n<p class=\"link-more\"><a href=\"https:\/\/musik.martha-pfaffeneder.com\/?page_id=193\" class=\"more-link\">Mehr <span class=\"screen-reader-text\">\u00fcber &#8222;F\u00fcr mich soll&#8217;s rote Rosen regnen&#8220; <\/span>Lesen<\/a><\/p>\n","protected":false},"author":1,"featured_media":0,"parent":0,"menu_order":0,"comment_status":"closed","ping_status":"closed","template":"","meta":{"_inspiro_hide_title":false,"footnotes":""},"class_list":["post-193","page","type-page","status-publish","hentry"],"_links":{"self":[{"href":"https:\/\/musik.martha-pfaffeneder.com\/index.php?rest_route=\/wp\/v2\/pages\/193","targetHints":{"allow":["GET"]}}],"collection":[{"href":"https:\/\/musik.martha-pfaffeneder.com\/index.php?rest_route=\/wp\/v2\/pages"}],"about":[{"href":"https:\/\/musik.martha-pfaffeneder.com\/index.php?rest_route=\/wp\/v2\/types\/page"}],"author":[{"embeddable":true,"href":"https:\/\/musik.martha-pfaffeneder.com\/index.php?rest_route=\/wp\/v2\/users\/1"}],"replies":[{"embeddable":true,"href":"https:\/\/musik.martha-pfaffeneder.com\/index.php?rest_route=%2Fwp%2Fv2%2Fcomments&post=193"}],"version-history":[{"count":6,"href":"https:\/\/musik.martha-pfaffeneder.com\/index.php?rest_route=\/wp\/v2\/pages\/193\/revisions"}],"predecessor-version":[{"id":692,"href":"https:\/\/musik.martha-pfaffeneder.com\/index.php?rest_route=\/wp\/v2\/pages\/193\/revisions\/692"}],"wp:attachment":[{"href":"https:\/\/musik.martha-pfaffeneder.com\/index.php?rest_route=%2Fwp%2Fv2%2Fmedia&parent=193"}],"curies":[{"name":"wp","href":"https:\/\/api.w.org\/{rel}","templated":true}]}}

Für mich soll&#8217;s rote Rosen regnen

<div class="wp-block-media-text is-stacked-on-mobile" style="grid-template-columns:23% auto"><figure class="wp-block-media-text__media"><img loading="lazy" decoding="async" width="250" height="368" src="https://musik.martha-pfaffeneder.com/wp-content/uploads/2025/12/roterosen-4.jpg" alt="" class="wp-image-194 size-full" srcset="https://musik.martha-pfaffeneder.com/wp-content/uploads/2025/12/roterosen-4.jpg 250w, https://musik.martha-pfaffeneder.com/wp-content/uploads/2025/12/roterosen-4-204x300.jpg 204w" sizes="auto, (max-width: 250px) 100vw, 250px" /></figure><div class="wp-block-media-text__content">
<h2 class="wp-block-heading"><em>Hildegard Knef: &#8222;The greatest singer without a voice&#8220;<br>Foto: D. Spolert</em></h2>
</div></div>



<p>Hildegard Knef. Die letzte große deutsche Diva – ihre besonderen Talente als Autorin, Sängerin und Schauspielerin – ihr facettenreiches und bewegtes Leben. &nbsp;</p>



<p>geboren am 28.12.1925 in Ulm<br>gestorben am 01.02.2002 in Berlin &nbsp;</p>



<p>Ein Programm mit spannenden, unterhaltsamen Stationen von Hildes Liedern, die sie unvergesslich werden ließen und deren Texte zeitlos aktuell bleiben. Über sieben Jahrzehnte wusste die große Diva mit ihrer Vielseitigkeit viele Generationen zu fesseln. Und wie sie selber sagte: „…immer wieder aufstand!“, trotz Kritik, Mediengier, Krankheiten und Schicksalsschlägen. Es ist nicht zuletzt ein Programm, welches an ihre widersprüchliche Einzigartigkeit erinnert.</p>



<p><strong>Liedauszüge</strong></p>



<ul class="wp-block-list">
<li>Für mich soll´s rote&nbsp; Rosen regnen</li>



<li>Eins und eins das macht zwei</li>



<li>Von nun an ging&#8217;s bergab</li>



<li>In dieser Stadt</li>



<li>Tage hängen wie Trauerweiden</li>



<li>Das Glück kennt nur Minuten</li>
</ul>



<p><strong>Gesang und Moderation: Martha Pfaffeneder<br>Text und Klavier: Jens Karsten Stoll&nbsp;<br>Regie: Steffen Kaiser</strong>&nbsp;&nbsp;</p>



<p>Dauer: 60–90 min.</p>



<p><strong>Fotos zum Programm</strong></p>



<figure class="wp-block-gallery has-nested-images columns-default is-cropped wp-block-gallery-1 is-layout-flex wp-block-gallery-is-layout-flex">
<figure class="wp-block-image size-large"><img loading="lazy" decoding="async" width="421" height="600" data-id="198" src="https://musik.martha-pfaffeneder.com/wp-content/uploads/2025/12/marthaknef01-2.jpg" alt="" class="wp-image-198" srcset="https://musik.martha-pfaffeneder.com/wp-content/uploads/2025/12/marthaknef01-2.jpg 421w, https://musik.martha-pfaffeneder.com/wp-content/uploads/2025/12/marthaknef01-2-211x300.jpg 211w" sizes="auto, (max-width: 421px) 100vw, 421px" /></figure>



<figure class="wp-block-image size-large"><img loading="lazy" decoding="async" width="400" height="600" data-id="199" src="https://musik.martha-pfaffeneder.com/wp-content/uploads/2025/12/marthaknef02-2.jpg" alt="" class="wp-image-199" srcset="https://musik.martha-pfaffeneder.com/wp-content/uploads/2025/12/marthaknef02-2.jpg 400w, https://musik.martha-pfaffeneder.com/wp-content/uploads/2025/12/marthaknef02-2-200x300.jpg 200w" sizes="auto, (max-width: 400px) 100vw, 400px" /></figure>



<figure class="wp-block-image size-large"><img loading="lazy" decoding="async" width="400" height="600" data-id="200" src="https://musik.martha-pfaffeneder.com/wp-content/uploads/2025/12/marthaknef03-2.jpg" alt="" class="wp-image-200" srcset="https://musik.martha-pfaffeneder.com/wp-content/uploads/2025/12/marthaknef03-2.jpg 400w, https://musik.martha-pfaffeneder.com/wp-content/uploads/2025/12/marthaknef03-2-200x300.jpg 200w" sizes="auto, (max-width: 400px) 100vw, 400px" /></figure>
</figure>



<p>Fotos: D. Spolert</p>



<p><a href="https://musik.martha-pfaffeneder.com/?page_id=193">Pressespiegel</a></p>



<p><a href="https://musik.martha-pfaffeneder.com/wp-content/uploads/2026/HK-karte_online.pdf" target="_blank" rel="noreferrer noopener">Postkarte </a>downloaden</p>



<figure class="wp-block-image size-full"><img loading="lazy" decoding="async" width="128" height="180" src="https://musik.martha-pfaffeneder.com/wp-content/uploads/2026/01/knef-klein.jpg" alt="" class="wp-image-661"/></figure>

<p>Hildegard Knef: &#8222;The greatest singer without a voice&#8220;Foto: D. Spolert Hildegard Knef. Die letzte große deutsche Diva – ihre besonderen Talente als Autorin, Sängerin und Schauspielerin – ihr facettenreiches und bewegtes Leben. &nbsp; geboren am 28.12.1925 in Ulmgestorben am 01.02.2002 in Berlin &nbsp; Ein Programm mit spannenden, unterhaltsamen Stationen von Hildes Liedern, die sie unvergesslich &hellip; </p>
<p class="link-more"><a href="https://musik.martha-pfaffeneder.com/?page_id=193" class="more-link">Mehr <span class="screen-reader-text">über &#8222;Für mich soll&#8217;s rote Rosen regnen&#8220; </span>Lesen</a></p>
