{"id":175,"date":"2025-12-11T17:10:53","date_gmt":"2025-12-11T17:10:53","guid":{"rendered":"https:\/\/musik.martha-pfaffeneder.com\/?page_id=175"},"modified":"2026-01-27T14:35:47","modified_gmt":"2026-01-27T14:35:47","slug":"wien-wein-und-die-liebe","status":"publish","type":"page","link":"https:\/\/musik.martha-pfaffeneder.com\/?page_id=175","title":{"rendered":"Wien, Wein und die Liebe"},"content":{"rendered":"\n<div class=\"wp-block-media-text is-stacked-on-mobile\" style=\"grid-template-columns:29% auto\"><figure class=\"wp-block-media-text__media\"><img loading=\"lazy\" decoding=\"async\" width=\"200\" height=\"238\" src=\"https:\/\/musik.martha-pfaffeneder.com\/wp-content\/uploads\/2025\/12\/wienwein-3.jpg\" alt=\"\" class=\"wp-image-176 size-full\"\/><\/figure><div class=\"wp-block-media-text__content\">\n<h2 class=\"wp-block-heading\"><em>Im Prater bl\u00fch\u00b4n wieder die B\u00e4ume<br>Foto: privat<\/em><\/h2>\n<\/div><\/div>\n\n\n\n<p>Beschwingte Walzermelodien von Robert Stolz, Franz Grothe u.v.a. \u00a0<br>Beliebte und bekannte Heurigen- und Operettenlieder aus Film und Fernsehen \u00a0<br>Musik f\u00fcr\u00b4s Herz und Gem\u00fct zum Mitsummen, zum Wiegen und Schmunzeln<br>Mit Geschichten \u00fcber die sch\u00f6ne Stadt Wien, den guten Tropfen und die s\u00fc\u00dfen Maderln<br>Pr\u00e4sentiert mit \u00f6sterreichischem Charme!<\/p>\n\n\n\n<p><strong>Liedausz\u00fcge<\/strong><\/p>\n\n\n\n<ul class=\"wp-block-list\">\n<li>Fr\u00fchling in Wien<\/li>\n\n\n\n<li>Das muss ein St\u00fcck vom Himmel sein<\/li>\n\n\n\n<li>Im Prater bl\u00fch\u00b4n wieder die B\u00e4ume<\/li>\n\n\n\n<li>Wien, Wien nur du allein<\/li>\n\n\n\n<li>Ich kenn ein kleines Wegerl im Helenental<\/li>\n\n\n\n<li>Mein Liebeslied muss ein Walzer sein<\/li>\n\n\n\n<li>Es muss was Wunderbares sein\u2026<\/li>\n\n\n\n<li>Sag beim Abschied leise \u201eServus\u201c<\/li>\n<\/ul>\n\n\n\n<p><strong>Gesang und Moderation: Martha Pfaffeneder<br>Klavier: Jens Karsten Stoll&nbsp;&nbsp;<\/strong><\/p>\n\n\n\n<p>Dauer: 60-90 min.<\/p>\n\n\n\n<p><a href=\"https:\/\/musik.martha-pfaffeneder.com\/wp-content\/uploads\/2026\/wienwein.pdf\" target=\"_blank\" rel=\"noreferrer noopener\">Plakat <\/a>downloaden<\/p>\n\n\n\n<figure class=\"wp-block-image size-full\"><img loading=\"lazy\" decoding=\"async\" width=\"302\" height=\"427\" src=\"https:\/\/musik.martha-pfaffeneder.com\/wp-content\/uploads\/2026\/01\/wienwein-klein.jpg\" alt=\"\" class=\"wp-image-678\" srcset=\"https:\/\/musik.martha-pfaffeneder.com\/wp-content\/uploads\/2026\/01\/wienwein-klein.jpg 302w, https:\/\/musik.martha-pfaffeneder.com\/wp-content\/uploads\/2026\/01\/wienwein-klein-212x300.jpg 212w\" sizes=\"auto, (max-width: 302px) 100vw, 302px\" \/><\/figure>\n","protected":false},"excerpt":{"rendered":"<p>Im Prater bl\u00fch\u00b4n wieder die B\u00e4umeFoto: privat Beschwingte Walzermelodien von Robert Stolz, Franz Grothe u.v.a. \u00a0Beliebte und bekannte Heurigen- und Operettenlieder aus Film und Fernsehen \u00a0Musik f\u00fcr\u00b4s Herz und Gem\u00fct zum Mitsummen, zum Wiegen und SchmunzelnMit Geschichten \u00fcber die sch\u00f6ne Stadt Wien, den guten Tropfen und die s\u00fc\u00dfen MaderlnPr\u00e4sentiert mit \u00f6sterreichischem Charme! Liedausz\u00fcge Gesang und &hellip; <\/p>\n<p class=\"link-more\"><a href=\"https:\/\/musik.martha-pfaffeneder.com\/?page_id=175\" class=\"more-link\">Mehr <span class=\"screen-reader-text\">\u00fcber &#8222;Wien, Wein und die Liebe&#8220; <\/span>Lesen<\/a><\/p>\n","protected":false},"author":1,"featured_media":0,"parent":0,"menu_order":0,"comment_status":"closed","ping_status":"closed","template":"","meta":{"_inspiro_hide_title":false,"footnotes":""},"class_list":["post-175","page","type-page","status-publish","hentry"],"_links":{"self":[{"href":"https:\/\/musik.martha-pfaffeneder.com\/index.php?rest_route=\/wp\/v2\/pages\/175","targetHints":{"allow":["GET"]}}],"collection":[{"href":"https:\/\/musik.martha-pfaffeneder.com\/index.php?rest_route=\/wp\/v2\/pages"}],"about":[{"href":"https:\/\/musik.martha-pfaffeneder.com\/index.php?rest_route=\/wp\/v2\/types\/page"}],"author":[{"embeddable":true,"href":"https:\/\/musik.martha-pfaffeneder.com\/index.php?rest_route=\/wp\/v2\/users\/1"}],"replies":[{"embeddable":true,"href":"https:\/\/musik.martha-pfaffeneder.com\/index.php?rest_route=%2Fwp%2Fv2%2Fcomments&post=175"}],"version-history":[{"count":10,"href":"https:\/\/musik.martha-pfaffeneder.com\/index.php?rest_route=\/wp\/v2\/pages\/175\/revisions"}],"predecessor-version":[{"id":696,"href":"https:\/\/musik.martha-pfaffeneder.com\/index.php?rest_route=\/wp\/v2\/pages\/175\/revisions\/696"}],"wp:attachment":[{"href":"https:\/\/musik.martha-pfaffeneder.com\/index.php?rest_route=%2Fwp%2Fv2%2Fmedia&parent=175"}],"curies":[{"name":"wp","href":"https:\/\/api.w.org\/{rel}","templated":true}]}}

<div class="wp-block-media-text is-stacked-on-mobile" style="grid-template-columns:29% auto"><figure class="wp-block-media-text__media"><img loading="lazy" decoding="async" width="200" height="238" src="https://musik.martha-pfaffeneder.com/wp-content/uploads/2025/12/wienwein-3.jpg" alt="" class="wp-image-176 size-full"/></figure><div class="wp-block-media-text__content">
<h2 class="wp-block-heading"><em>Im Prater blüh´n wieder die Bäume<br>Foto: privat</em></h2>
</div></div>



<p>Beschwingte Walzermelodien von Robert Stolz, Franz Grothe u.v.a.  <br>Beliebte und bekannte Heurigen- und Operettenlieder aus Film und Fernsehen  <br>Musik für´s Herz und Gemüt zum Mitsummen, zum Wiegen und Schmunzeln<br>Mit Geschichten über die schöne Stadt Wien, den guten Tropfen und die süßen Maderln<br>Präsentiert mit österreichischem Charme!</p>



<p><strong>Liedauszüge</strong></p>



<ul class="wp-block-list">
<li>Frühling in Wien</li>



<li>Das muss ein Stück vom Himmel sein</li>



<li>Im Prater blüh´n wieder die Bäume</li>



<li>Wien, Wien nur du allein</li>



<li>Ich kenn ein kleines Wegerl im Helenental</li>



<li>Mein Liebeslied muss ein Walzer sein</li>



<li>Es muss was Wunderbares sein…</li>



<li>Sag beim Abschied leise „Servus“</li>
</ul>



<p><strong>Gesang und Moderation: Martha Pfaffeneder<br>Klavier: Jens Karsten Stoll&nbsp;&nbsp;</strong></p>



<p>Dauer: 60-90 min.</p>



<p><a href="https://musik.martha-pfaffeneder.com/wp-content/uploads/2026/wienwein.pdf" target="_blank" rel="noreferrer noopener">Plakat </a>downloaden</p>



<figure class="wp-block-image size-full"><img loading="lazy" decoding="async" width="302" height="427" src="https://musik.martha-pfaffeneder.com/wp-content/uploads/2026/01/wienwein-klein.jpg" alt="" class="wp-image-678" srcset="https://musik.martha-pfaffeneder.com/wp-content/uploads/2026/01/wienwein-klein.jpg 302w, https://musik.martha-pfaffeneder.com/wp-content/uploads/2026/01/wienwein-klein-212x300.jpg 212w" sizes="auto, (max-width: 302px) 100vw, 302px" /></figure>

<p>Im Prater blüh´n wieder die BäumeFoto: privat Beschwingte Walzermelodien von Robert Stolz, Franz Grothe u.v.a.  Beliebte und bekannte Heurigen- und Operettenlieder aus Film und Fernsehen  Musik für´s Herz und Gemüt zum Mitsummen, zum Wiegen und SchmunzelnMit Geschichten über die schöne Stadt Wien, den guten Tropfen und die süßen MaderlnPräsentiert mit österreichischem Charme! Liedauszüge Gesang und &hellip; </p>
<p class="link-more"><a href="https://musik.martha-pfaffeneder.com/?page_id=175" class="more-link">Mehr <span class="screen-reader-text">über &#8222;Wien, Wein und die Liebe&#8220; </span>Lesen</a></p>
